be the first derivative of 7*f**2/2 - 54*f - 90. List the prime factors of o(g).
2, 5
Let i(z) = -979*z - 391. Let c(n) = 326*n + 128. Let v(x) = 17*c(x) + 6*i(x). List the prime factors of v(-5).
2, 5, 149
Let j = 6174 + -6047. What are the prime factors of j?
127
Suppose -a - 3*s - 19 = -6*a, -s = -2. Let h be 4708/6 + (-6)/9. Suppose 9*l = a*l + h. What are the prime factors of l?
2, 7
Let t(z) = z**3 - 16*z**2 - 3*z - 26. Let u(d) = 3*d**3 - 49*d**2 - 9*d - 79. Let j(p) = 8*t(p) - 3*u(p). What are the prime factors of j(19)?
2, 43
Suppose 6*p + 1 = 5*p, -2*b - 2545 = 3*p. Let d = -467 - b. What are the prime factors of d?
2, 3, 67
Let o(v) = 2*v**2 + 297*v**3 + 26*v + 11 + 4*v**2 - 298*v**3. What are the prime factors of o(-6)?
7, 41
Suppose -9 = -6*f + 51. List the prime factors of ((-156)/6 - -6)/((-4)/f).
2, 5
Let y(u) = 129*u**3 + u**2 - u - 1. Suppose -3*a + 2*c - 8 = -5*a, -4*c = -12. What are the prime factors of y(a)?
2
Let f(j) = 18 + 6*j - 3 + 2. Let t be (10 + -8)/((-1)/2) - -15. What are the prime factors of f(t)?
83
Suppose l - 2 - 18 = 0. Suppose 0 = 9*s - 4*s - l. Suppose -5*t + 259 = -s*g + 50, 0 = -2*t + g + 83. List the prime factors of t.
41
Let v be 1086 - ((-8)/(-1))/(-2). Let q be (-5)/3 + (-4)/12. What are the prime factors of 0 - q/(-4)*v/(-5)?
109
Let v(f) = -60*f - 15. Suppose -3 = 3*g + 8*r - 3*r, 15 = -5*r. Let u be v(g). Let k = -101 - u. What are the prime factors of k?
2, 7, 11
Suppose -2910*v = -2929*v + 448894. What are the prime factors of v?
2, 11813
Let a(i) = 5*i**3 + 27*i**2 + 49*i + 12. What are the prime factors of a(11)?
3, 3491
List the prime factors of 2219 - 3/((-42)/112).
17, 131
Let i(c) = -c**2 + c + 30. Let a be i(7). Let u(f) be the first derivative of -9*f**2/2 - 64*f + 3. List the prime factors of u(a).
2, 11
Let t = 33499 + -21010. What are the prime factors of t?
3, 23, 181
Suppose -7*t - 144 = 241. List the prime factors of 1285 + 320/t + (-12)/66.
1279
Let l(v) = 37381 + 3*v**2 - 37507 + 5*v**2 + v. List the prime factors of l(-10).
2, 83
Suppose -3*w + 1 = 2*m + 9, m + 2 = -w. Let x(t) = -4*t**3 + 3*t**2 - 3. Let f be x(m). What are the prime factors of f/((0 + -3)/9)?
3, 23
Suppose 8*w - 35402 + 4362 = 0. What are the prime factors of w?
2, 5, 97
Suppose 162*i = 481*i - 26458188 + 4523429. List the prime factors of i.
7, 11, 19, 47
Let j(a) = -81*a + 5. Suppose -29 = -y + 5*i - 0*i, -41 = -4*y + 5*i. Let l be j(y). Let d = -150 - l. List the prime factors of d.
13
Suppose 708 = 6*s - 48. Suppose -4*j + 18 = 2. Suppose 2*w + j*x - 200 = 0, 3*w - s = -2*x + 166. List the prime factors of w.
2, 3
Let f be (18/21)/((-42)/(-196)). Suppose -5*u + 4926 = -15*n + 11*n, 0 = 5*u + f*n - 4894. What are the prime factors of u?
2, 491
Let q be 27/12*(-32)/(-24). List the prime factors of 22/(q/24 + 0).
2, 11
Let j(q) = -q**3 + 7*q**2 + 8*q + 2. Let w be j(8). Let b(c) = 220*c + 12. Let f be b(w). Let i = -264 + f. What are the prime factors of i?
2, 47
Let w be (-3)/8*-10*-4. Let n be (-12)/w*(10 + -5). List the prime factors of (-7)/(-14) + 334/n.
2, 3, 7
Suppose -3*g + 189 = 6*g. Suppose -234 = -27*d + g*d. Suppose 9*i = 789 + d. What are the prime factors of i?
2, 23
Suppose 0 = -38*o + 158496 - 51564. Suppose 12*x - o = 11934. List the prime factors of x.
1229
Let w(g) be the second derivative of g**5/20 + 3*g**4/4 + 5*g**3/6 - 5*g**2/2 + 38*g. Let n be w(-8). Let l = n - -41. List the prime factors of l.
2, 3, 5
Let r(c) = 5*c**2 - 10*c + 2199. List the prime factors of r(-101).
2, 27107
Let k(p) = p + 2. Let t(y) = -13*y - 9. Let v(u) = -2*k(u) - t(u). Let a be v(0). Suppose -1032 - 418 = -a*f. What are the prime factors of f?
2, 5, 29
Suppose 6*m = 4*m + 24. Let d be 10/3 + ((-16)/m)/4. Suppose -d*t + 159 = 4*p, -t = -3*t + 2*p + 92. What are the prime factors of t?
7
Let o(f) = f**2 - 12*f + 39. Let g be o(5). Suppose -2*d - d + 423 = 0. Suppose d + 199 = g*s. List the prime factors of s.
5, 17
Let t(s) = -8*s - 2*s + 20 + 15 + 4*s. What are the prime factors of t(-6)?
71
Let k be (14/3)/(7/(84/8)). Suppose k*t - 6036 = 4254. Suppose 4*x - 14*x = -t. List the prime factors of x.
3, 7
Suppose t + 3*w = 53, 0 = w - 5. Suppose 3*c = -32 + t. Suppose -4*q = l - c*q - 95, 5*l - 4*q = 405. List the prime factors of l.
5, 17
Let i = 216 + -209. Suppose -2615 = -i*a + 3328. What are the prime factors of a?
3, 283
Let t = 1148 + -366. Let y = t - 458. Let z = y + -188. What are the prime factors of z?
2, 17
Let z = -395 + 920. Let n = z + 146. What are the prime factors of n?
11, 61
Let z(q) = 3*q**2 - 7*q + 625. Suppose 32*n - 44*n = 0. What are the prime factors of z(n)?
5
Suppose -55816 + 12842 = -5*n + 2*q, 5*n - q = 42972. List the prime factors of n.
2, 4297
Let t be (91344/27)/4 - 4/(-18). Suppose 2479 = 35*z - t. List the prime factors of z.
5, 19
Suppose -78*d + 4*d + 1998483 + 504493 = 0. What are the prime factors of d?
2, 7, 151
Let c(k) = k**2 + 3*k - 15. Suppose -3*i + 2*p + 10 = 3*p, -4 = 2*p. Let o be c(i). Let x = o - -126. List the prime factors of x.
139
Let a(n) = -5*n**3 + 46*n**2 - 3*n - 8. List the prime factors of a(7).
2, 3, 5, 17
Let n(h) = 37*h + 120. Suppose 5*s + 5*d = -17 - 63, -2*d = -3*s - 23. Let a(m) = -19*m - 60. Let w(f) = s*a(f) - 6*n(f). What are the prime factors of w(-18)?
2, 3, 29
Let a(n) = 2*n**3 - 5*n**2 + 20*n - 3. List the prime factors of a(10).
1697
Let v(l) = -15 - 2 - 2 + 1 - 14*l. Let q be v(-8). Suppose -i = -17 - q. List the prime factors of i.
3, 37
Let d be 2 + (181 - 0 - 0). Suppose 0 = 3*q - y + 3*y + 381, 2*q + 3*y = -254. Let x = q + d. List the prime factors of x.
2, 7
Suppose -l = 5*t - 15, -2*l + 3 + 7 = 5*t. Suppose 0 = k + k - a - 892, -1808 = -4*k - t*a. What are the prime factors of k?
2, 7
Suppose 12*t - 2*t = 20. Suppose k = 4*m + 49, -t*m - 185 = -5*k + 3*m. List the prime factors of 23*(-12)/(-18)*k/2.
11, 23
Let y(g) = 11*g + 59. Let j be y(-5). List the prime factors of (62/93)/(j/1818).
3, 101
Let m = -219 - -215. Let c(f) = -2*f**3 + 5*f**2 + 5*f + 15. What are the prime factors of c(m)?
7, 29
Let a(o) = 19*o - 71. Let m be a(-8). Let n = 834 + m. What are the prime factors of n?
13, 47
Suppose -13*a = -1567 - 4673. Let m be (36/(-15))/((-18)/a). Let j = m - 62. What are the prime factors of j?
2
Let j(t) = 2*t. Let v(a) = -91*a - 67. Let b(x) = -3*j(x) - v(x). List the prime factors of b(8).
3, 83
Let b = -174 - -178. Suppose -b*n - n - 2*j = -1975, j + 781 = 2*n. What are the prime factors of n?
3, 131
Let w = -19870 - -64380. List the prime factors of w.
2, 5, 4451
Let w = 9994 - 4660. What are the prime factors of w?
2, 3, 7, 127
Let x(g) = 12*g + 69. Let z be x(-6). What are the prime factors of (337/3)/((-1)/z) + -4?
3, 37
Let t(b) = 2*b**3 + 2*b**2 + 5*b - 3. Let v(j) = 2*j + 21. Let g be v(-9). Let q be t(g). Suppose -10*i = -7*i - q. List the prime factors of i.
2, 7
Let n(s) = -209*s - 49. Let v be n(11). What are the prime factors of 9/15 + v/(-20) + 2?
2, 3, 5
Let i be (2/5)/(1/10*-1). What are the prime factors of (-238)/i - (-11)/(-22)?
59
Suppose 12*u - 3*u - 151690 = -2*u. List the prime factors of u.
2, 5, 7, 197
List the prime factors of (26358/(-897))/((-3)/78).
2, 191
Let r be -8 + 9 + (-11 - -10). Suppose r = 11*x - 6*x - 3885. List the prime factors of x.
3, 7, 37
Suppose 0 = -5*r + 2*q + 1467, -2*r + 4*q + 586 = 3*q. Suppose j - r + 51 = 0. What are the prime factors of j?
2, 61
Suppose 201*x - 209*x = 192. What are the prime factors of 9816/18*x/(-16)?
2, 409
Suppose 106*s - 187*s + 441612 = 0. What are the prime factors of s?
2, 29, 47
Let y(m) = -m**3 - 9*m**2 - 2*m + 49. Let s be y(-10). Suppose 0 = -3*z + 845 + s. List the prime factors of z.
2, 13
Let l(t) = 3*t - 14*t + 551 - 2*t**2 - 537 - 4*t**3. List the prime factors of l(-6).
2, 109
Let a = -35436 - -42623. List the prime factors of a.
7187
Let b(u) = -u**2 - 17*u + 27. Let d be b(-18). Suppose -d*j - 73 = -10*j. What are the prime factors of j?
73
Let v be (-1)/3 - 106/(-3). Let f be 2/10 - -1*273/v. Let y = f + 67. List the prime factors of y.
3, 5
Let x(h) = -2*h**3 - 13*h**2 - 7*h - 27. Let n be x(-6). Let v(b) = -b**2 - 51*b - 70. What are the prime factors of v(n)?
2, 5, 7
Let z(s) = 459*s - 93. Let q be z(2). Let o = q + 385. Wh